90*f - 144502. Determine v(123).
-961
Let d(o) = -o**3 - 43*o**2 - 262*o + 141. Give d(-8).
-3
Let u(c) = 7674*c - 15512. What is u(2)?
-164
Let c(f) = 2*f**2 - 267*f + 2017. Give c(8).
9
Let a(q) = -55004*q + 495041. Determine a(9).
5
Let b(o) = 33536*o - 201221. Calculate b(6).
-5
Let u(q) = -16888*q + 337763. What is u(20)?
3
Let h(q) = 48321*q + 676588. Give h(-14).
94
Let p(q) = q**2 + 459*q - 17291. Give p(35).
-1
Let c(g) = 1596*g - 263410. What is c(165)?
-70
Let k(n) = -9758*n - 7721. Give k(-1).
2037
Let n(f) = f**3 + 76*f**2 - 772*f - 594. What is n(-85)?
1
Let m(k) = -17*k**2 + 13198*k + 39580. What is m(-3)?
-167
Let t(b) = 375*b - 361. Give t(3).
764
Let i(r) = 257*r + 18092. Determine i(-69).
359
Let u(m) = 4137*m + 388865. Calculate u(-94).
-13
Let c(y) = 7*y**2 + 33*y - 2982. Calculate c(-23).
-38
Let b(f) = 299*f - 461. Calculate b(1).
-162
Let x(u) = 4*u**2 + 83*u + 559. What is x(-14)?
181
Let d(x) = 10297*x - 50. Give d(0).
-50
Let d(a) = -3*a**2 + 15899*a - 63581. Give d(4).
-33
Let r(c) = 185*c**2 + 1408*c + 778. Give r(-7).
-13
Let i(z) = -89*z**2 - 1856*z - 7940. Determine i(-6).
-8
Let i(g) = 5*g**3 - 383*g**2 - 163*g + 686. Give i(77).
-7
Let j(t) = t**2 + 180*t - 288294. What is j(455)?
631
Let i(k) = 208772*k + 25052635. What is i(-120)?
-5
Let n(g) = 2*g**2 + 181*g - 7542. Give n(31).
-9
Let m(v) = 476*v + 29596. Determine m(-62).
84
Let s(d) = -13870*d - 72711. Determine s(-5).
-3361
Let w(a) = -2*a**3 - 418*a**2 + 5799*a + 1211987. Calculate w(-209).
-4
Let k(g) = -466*g**2 - 237827*g - 85172. What is k(-510)?
-2
Let w(x) = x**3 - 46*x**2 - 39*x - 211. Give w(47).
165
Let v(y) = y**3 + 33*y**2 + 166*y + 70. Determine v(-27).
-38
Let j(u) = 67511*u + 202601. Determine j(-3).
68
Let m(c) = c**2 + 305*c - 14114. Calculate m(41).
72
Let i(j) = 2947*j**2 + 23573*j - 27. Give i(-8).
-3
Let t(a) = -48*a**2 - 13231*a + 26440. Determine t(2).
-214
Let s(d) = -103*d**3 + 307*d**2 + 12*d - 1. What is s(3)?
17
Let h(g) = -6*g**2 + 307*g - 98. What is h(52)?
-358
Let w(j) = 35*j**3 + 37*j**2 - 8*j + 11. What is w(1)?
75
Let h(w) = 6251*w - 50602. Determine h(8).
-594
Let b(q) = -8054*q + 515459. Give b(64).
3
Let i(s) = -s**3 + 34*s**2 - 35*s - 1323. Give i(34).
-2513
Let c(v) = -7355*v - 126. Determine c(0).
-126
Let h(b) = 7968*b - 796829. What is h(100)?
-29
Let c(y) = -578*y - 57948. Calculate c(-98).
-1304
Let x(n) = 10*n**2 - 21832*n - 87431. Give x(-4).
57
Let f(m) = -31*m**2 - 176*m + 336. Determine f(-7).
49
Let f(v) = 40415*v - 8810465. Determine f(218).
5
Let n(d) = 13458*d - 54205. Determine n(4).
-373
Let t(f) = -1487*f**2 + 5923*f - 10. Determine t(4).
-110
Let r(x) = 64*x**2 - 651*x - 3218. Calculate r(-5).
1637
Let l(g) = -g**3 - 7*g**2 + 781*g + 8607. Give l(-11).
500
Let f(s) = 13*s**2 + 624*s + 5012. Calculate f(-38).
72
Let q(g) = -35153*g + 351519. Determine q(10).
-11
Let f(w) = -8*w**2 + 520*w + 17094. Determine f(-24).
6
Let p(f) = -892859*f - 3571440. Determine p(-4).
-4
Let r(o) = -79*o**3 + o**2 - 103*o + 330. Give r(3).
-2103
Let y(r) = 6*r**2 + 544*r - 2878. What is y(5)?
-8
Let t(z) = 5748*z + 133297. Give t(-23).
1093
Let w(u) = 2252*u + 49480. What is w(-22)?
-64
Let p(c) = 80*c + 6550. Calculate p(-47).
2790
Let x(y) = -1083*y - 275092. Calculate x(-254).
-10
Let p(f) = -460*f**2 + 11499*f + 36. What is p(25)?
11
Let v(l) = 3*l**3 - 4*l**2 + 22*l - 95. Give v(6).
541
Let z(p) = -701*p**2 + 131789*p - 226. Calculate z(188).
-38
Let y(o) = 3*o**3 - 31*o**2 + o + 59. Determine y(7).
-424
Let d(o) = 4*o**2 - 124*o - 395. Determine d(35).
165
Let m(u) = -388*u**3 - 3*u**2 - 323*u + 325. Determine m(1).
-389
Let p(b) = -12804*b + 371322. Give p(29).
6
Let j(n) = -19*n - 415. Determine j(21).
-814
Let y(n) = 119410*n - 1552380. Calculate y(13).
-50
Let p(b) = -207*b + 8259. Determine p(40).
-21
Let w(d) = -805248*d + 3220951. Determine w(4).
-41
Let d(k) = -7797*k - 140387. Calculate d(-18).
-41
Let i(x) = 111*x**2 + 17984*x + 519. What is i(-162)?
195
Let t(j) = j**3 + 140*j**2 + 815*j - 15450. Calculate t(-133).
-22
Let t(q) = 2408*q**2 + 6995*q + 3. Calculate t(-3).
690
Let g(r) = 1760253*r + 12321777. Determine g(-7).
6
Let n(r) = -240*r**2 + 569*r - 155. Give n(2).
23
Let d(s) = -2020821*s - 4041639. What is d(-2)?
3
Let n(k) = 165*k + 23470. What is n(-130)?
2020
Let x(z) = 62*z**2 + 1477*z - 1839. Determine x(-25).
-14
Let s(k) = 27*k**2 - 772*k - 1615. Give s(-2).
37
Let g(b) = 87*b**2 + 79*b - 2509. Calculate g(5).
61
Let h(a) = 414*a - 41475. Give h(101).
339
Let r(a) = -2*a**2 - 424*a - 12041. Give r(-34).
63
Let a(b) = -22*b**2 - 302*b - 59. Calculate a(-13).
149
Let g(n) = -12*n**2 + 106*n - 106. What is g(5)?
124
Let v(k) = 7*k**2 - 2264*k + 675. Calculate v(323).
-294
Let o(b) = -705*b + 6. Calculate o(1).
-699
Let w(b) = -b**2 + 44047*b - 440373. Calculate w(10).
-3
Let r(t) = -10*t**2 - 240*t - 132. Calculate r(0).
-132
Let r(b) = -b**2 + 7411*b - 2518333. What is r(357)?
-55
Let w(c) = -362*c + 5013. Calculate w(12).
669
Let h(x) = -3*x**3 + 48*x**2 - 115*x - 352. What is h(6)?
38
Let v(n) = -16977*n - 1901419. Determine v(-112).
5
Let p(w) = -w**3 - 118*w**2 + 292*w + 2301. Calculate p(-120).
-3939
Let x(g) = -g**2 + 498493*g + 1495484. What is x(-3)?
-4
Let d(g) = -164975*g + 9403562. Determine d(57).
-13
Let f(u) = -4*u**2 + 6444*u - 64186. What is f(10)?
-146
Let g(c) = -199*c**2 - 3764*c + 283. Determine g(-19).
-40
Let g(a) = -13*a**2 + 145*a - 109. What is g(9)?
143
Let n(o) = -o**2 + 251*o + 4568. Give n(-17).
12
Let s(h) = -557*h - 5088. Determine s(-9).
-75
Let v(w) = -62*w**3 + 4*w**2 - 528*w - 1091. Determine v(-2).
477
Let a(q) = q**2 + 1594*q + 207494. What is a(-143)?
1
Let u(c) = 68*c**2 - 110*c - 49. Give u(3).
233
Let p(a) = -9702*a - 194005. What is p(-20)?
35
Let j(x) = -11*x**3 + 233*x**2 + 741*x + 104. Give j(24).
32
Let f(c) = c**2 + 42657*c + 2385662. What is f(-56)?
6
Let v(n) = 2*n**3 - 70*n**2 - 325*n + 424. Give v(39).
-83
Let r(h) = 4*h**2 + 10883*h - 352361. Calculate r(32).
-9
Let q(i) = 1529353*i + 6117400. Calculate q(-4).
-12
Let u(f) = -26*f**2 - 874*f - 5118. Calculate u(-6).
-810
Let u(x) = -9606*x - 67246. Give u(-7).
-4
Let x(w) = 4*w**3 - 267*w**2 - 136*w + 22055. What is x(66)?
11
Let v(d) = -104*d**2 - 17*d - 63. Calculate v(4).
-1795
Let r(y) = 2*y**3 + 76*y**2 - 154*y - 3847. What is r(-40)?
-4087
Let h(s) = -7*s**3 + 443*s**2 - 274*s + 9315. Determine h(63).
-9
Let n(z) = 1381*z + 13823. Determine n(-10).
13
Let n(w) = 57*w**2 + 16343*w + 157735. What is n(-10)?
5
Let v(d) = -4599*d + 1158908. Determine v(252).
-40
Let v(w) = 11*w**2 - 904*w - 9066. Give v(-10).
1074
Let z(h) = -2*h**3 - 255*h**2 + 388*h + 202. Determine z(-129).
73
Let v(j) = -j**3 - 557*j**2 - 18749*j + 3737. Give v(-521).
90
Let x(n) = 24001*n + 264041. Give x(-11).
30
Let k(m) = -23*m**2 - 329*m + 206. Give k(-15).
-34
Let s(k) = -24785*k + 11029327. What is s(445)?
2
Let v(b) = -826978*b - 5788846. What is v(-7)?
0
Let m(z) = -z**3 + 17*z**2 - 89*z + 241. Calculate m(11).
-12
Let m(p) = -p**2 + 544*p + 32808. What is m(-55)?
-137
Let u(t) = -3*t**2 + 3570*t + 7134. Determine u(-2).
-18
Let r(s) = -5*s**2 - 238*s - 1366. Calculate r(-47).
-1225
Let g(f) = 2070*f - 20656. What is g(10)?
44
Let i(q) = q**3 + 13*q**2 - 290*q - 4162. Calculate i(-15).
-262
Let h(u) = 2*u**3 + 207*u**2 - 769*u - 2292. Calculate h(-107).
-152
Let n(o) = -256*o + 513. Determine n(-1).
769
Let l(s) = -18870*s - 1736028. Determine l(-92).
12
Let l(a) = 85550*a + 1796553. What is l(-21)?
3
Let x(u) = u**3 - 9*u**2 - 3*u - 4. Calculate x(10).
66
Let m(d) = 786*d**2 + 92749*d + 72. Determine m(-118).
-46
Let y(g) = -2708*g + 7399. Calculate y(3).
-725
Let f(u) = -u**3 + 295*u**2 - 868*u - 2366. Give f(292).
-30
Let t(a) = -a**3 - 131*a**2 + 18*a + 1964. Give t(-131).
-394
Let w(f) = -18016*f - 414355. Calculate w(-23).
13
Let l(c) = -133*c**2 - 6246*c + 139. What is l(-47)?
-96
Let b(m) = -25089*m + 401419. Give b(16).
-5
Let i(q) = 1885*q - 5515. What is i(3)?
140
Let s(p) = -5515*p - 2658222. Give s(-482).
8
Let l(n) = 74*n - 14519. Determine l(196).
-15
Let j(v) = 10*v**2 - 571*v + 4579. Calculate j(8).
651
Let t(g) = -13831*g - 318125. What is t(-23)?
-12
Let n(a) = -2688*a - 120956. Ca